{"id":14745,"date":"2022-04-08T14:24:22","date_gmt":"2022-04-08T12:24:22","guid":{"rendered":"http:\/\/ladietabicyclette.fr\/?page_id=14745"},"modified":"2026-03-17T10:24:58","modified_gmt":"2026-03-17T09:24:58","slug":"accueil","status":"publish","type":"page","link":"https:\/\/ladietabicyclette.fr\/","title":{"rendered":"La diet \u00e0 bicyclette"},"content":{"rendered":"\n<div class=\"wp-block-cover alignfull is-light\" style=\"min-height:523px\"><span aria-hidden=\"true\" class=\"has-background-dim-0 wp-block-cover__gradient-background has-background-dim\"><\/span><img loading=\"lazy\" width=\"4000\" height=\"1219\" class=\"wp-block-cover__image-background wp-image-14812\" alt=\"\" src=\"http:\/\/ladietabicyclette.fr\/wp-content\/uploads\/2022\/04\/accueil-la-diet-a-bicyclette-nantes-01.png\" data-object-fit=\"cover\" srcset=\"https:\/\/ladietabicyclette.fr\/wp-content\/uploads\/2022\/04\/accueil-la-diet-a-bicyclette-nantes-01.png 4000w, https:\/\/ladietabicyclette.fr\/wp-content\/uploads\/2022\/04\/accueil-la-diet-a-bicyclette-nantes-01-300x91.png 300w, https:\/\/ladietabicyclette.fr\/wp-content\/uploads\/2022\/04\/accueil-la-diet-a-bicyclette-nantes-01-1024x312.png 1024w, https:\/\/ladietabicyclette.fr\/wp-content\/uploads\/2022\/04\/accueil-la-diet-a-bicyclette-nantes-01-768x234.png 768w, https:\/\/ladietabicyclette.fr\/wp-content\/uploads\/2022\/04\/accueil-la-diet-a-bicyclette-nantes-01-1536x468.png 1536w, https:\/\/ladietabicyclette.fr\/wp-content\/uploads\/2022\/04\/accueil-la-diet-a-bicyclette-nantes-01-2048x624.png 2048w, https:\/\/ladietabicyclette.fr\/wp-content\/uploads\/2022\/04\/accueil-la-diet-a-bicyclette-nantes-01-1568x478.png 1568w, https:\/\/ladietabicyclette.fr\/wp-content\/uploads\/2022\/04\/accueil-la-diet-a-bicyclette-nantes-01-600x183.png 600w\" sizes=\"(max-width: 4000px) 100vw, 4000px\" \/><div class=\"wp-block-cover__inner-container\">\n<h1 class=\"has-text-align-center\" style=\"font-size:30px;font-style:normal;font-weight:800\">Di\u00e9t\u00e9ticienne \u00e0 Nantes &amp; en t\u00e9l\u00e9consultation<\/h1>\n\n\n\n<div class=\"wp-container-1 wp-block-buttons\">\n<div class=\"wp-block-button aligncenter is-style-fill\"><a class=\"wp-block-button__link has-background\" href=\"https:\/\/www.doctolib.fr\/dieteticien\/nantes\/adele-geslin\" style=\"background-color:#b0bbae\" target=\"_blank\" rel=\"noreferrer noopener\">Prendre un rendez-vous<\/a><\/div>\n<\/div>\n<\/div><\/div>\n\n\n\n<div class=\"wp-container-2 wp-block-buttons\"><\/div>\n\n\n\n<div class=\"wp-block-media-text alignwide is-stacked-on-mobile\"><figure class=\"wp-block-media-text__media\"><img loading=\"lazy\" width=\"727\" height=\"1024\" src=\"http:\/\/ladietabicyclette.fr\/wp-content\/uploads\/2022\/04\/adele-geslin-la-diet-a-bicyclette-nantes-727x1024.jpg\" alt=\"\" class=\"wp-image-14746 size-full\" srcset=\"https:\/\/ladietabicyclette.fr\/wp-content\/uploads\/2022\/04\/adele-geslin-la-diet-a-bicyclette-nantes-727x1024.jpg 727w, https:\/\/ladietabicyclette.fr\/wp-content\/uploads\/2022\/04\/adele-geslin-la-diet-a-bicyclette-nantes-scaled-600x845.jpg 600w, https:\/\/ladietabicyclette.fr\/wp-content\/uploads\/2022\/04\/adele-geslin-la-diet-a-bicyclette-nantes-213x300.jpg 213w, https:\/\/ladietabicyclette.fr\/wp-content\/uploads\/2022\/04\/adele-geslin-la-diet-a-bicyclette-nantes-768x1082.jpg 768w, https:\/\/ladietabicyclette.fr\/wp-content\/uploads\/2022\/04\/adele-geslin-la-diet-a-bicyclette-nantes-1091x1536.jpg 1091w, https:\/\/ladietabicyclette.fr\/wp-content\/uploads\/2022\/04\/adele-geslin-la-diet-a-bicyclette-nantes-1454x2048.jpg 1454w, https:\/\/ladietabicyclette.fr\/wp-content\/uploads\/2022\/04\/adele-geslin-la-diet-a-bicyclette-nantes-580x817.jpg 580w, https:\/\/ladietabicyclette.fr\/wp-content\/uploads\/2022\/04\/adele-geslin-la-diet-a-bicyclette-nantes-860x1211.jpg 860w, https:\/\/ladietabicyclette.fr\/wp-content\/uploads\/2022\/04\/adele-geslin-la-diet-a-bicyclette-nantes-1160x1634.jpg 1160w, https:\/\/ladietabicyclette.fr\/wp-content\/uploads\/2022\/04\/adele-geslin-la-diet-a-bicyclette-nantes-1320x1859.jpg 1320w, https:\/\/ladietabicyclette.fr\/wp-content\/uploads\/2022\/04\/adele-geslin-la-diet-a-bicyclette-nantes-scaled.jpg 1818w\" sizes=\"(max-width: 727px) 100vw, 727px\" \/><\/figure><div class=\"wp-block-media-text__content\">\n<h2 style=\"font-size:25px\"><strong>Vers une alimentation qui nourrit le c\u0153ur, la t\u00eate et les cellules<\/strong><\/h2>\n\n\n\n<p>Perdu.e.s dans cette multitude de messages v\u00e9hicul\u00e9s par la presse, les coachs, les \u00ab bien-pensants \u00bb nous ne savons plus quoi faire.<\/p>\n\n\n\n<p>Lors de mes consultations, passer au peigne fin le contenu des assiettes n\u2019est&nbsp;donc souvent pas suffisant.<br>Ainsi, <strong>prendre un peu de hauteur sur nos habitudes et nos comportements permet d\u2019avancer plus sereinement vers une alimentation qui nous ressemble et qui a du sens.<\/strong><\/p>\n\n\n\n<p>Manger \u00e7a peut \u00eatre tr\u00e8s agr\u00e9able, douloureux, source d\u2019angoisse ou de culpabilit\u00e9, un moment de convivialit\u00e9 ou de solitude, un automatisme, une \u00e9motion, des valeurs, une \u00e9ducation, tr\u00e8s centrale ou secondaire\u2026<br>Manger, c\u2019est tellement intime et individuel.<\/p>\n\n\n\n<p><\/p>\n\n\n\n<div class=\"wp-container-3 wp-block-buttons\">\n<div class=\"wp-block-button is-style-fill\"><a class=\"wp-block-button__link has-background\" href=\"http:\/\/ladietabicyclette.fr\/?page_id=14798\" style=\"border-radius:0px;background-color:#b0bbae\" target=\"_blank\" rel=\"noreferrer noopener\">D\u00e9couvrir mes sp\u00e9cialit\u00e9s<\/a><\/div>\n<\/div>\n<\/div><\/div>\n\n\n\n<div style=\"height:60px\" aria-hidden=\"true\" class=\"wp-block-spacer\"><\/div>\n\n\n\n<div class=\"wp-block-cover alignfull is-light\" style=\"min-height:512px\"><span aria-hidden=\"true\" class=\"has-background-dim-0 wp-block-cover__gradient-background has-background-dim\"><\/span><img loading=\"lazy\" width=\"2000\" height=\"824\" class=\"wp-block-cover__image-background wp-image-14850\" alt=\"\" src=\"http:\/\/ladietabicyclette.fr\/wp-content\/uploads\/2022\/04\/banniere-apropos-ladietabicyclette-02.png\" data-object-fit=\"cover\" srcset=\"https:\/\/ladietabicyclette.fr\/wp-content\/uploads\/2022\/04\/banniere-apropos-ladietabicyclette-02.png 2000w, https:\/\/ladietabicyclette.fr\/wp-content\/uploads\/2022\/04\/banniere-apropos-ladietabicyclette-02-300x124.png 300w, https:\/\/ladietabicyclette.fr\/wp-content\/uploads\/2022\/04\/banniere-apropos-ladietabicyclette-02-1024x422.png 1024w, https:\/\/ladietabicyclette.fr\/wp-content\/uploads\/2022\/04\/banniere-apropos-ladietabicyclette-02-768x316.png 768w, https:\/\/ladietabicyclette.fr\/wp-content\/uploads\/2022\/04\/banniere-apropos-ladietabicyclette-02-1536x633.png 1536w, https:\/\/ladietabicyclette.fr\/wp-content\/uploads\/2022\/04\/banniere-apropos-ladietabicyclette-02-1568x646.png 1568w, https:\/\/ladietabicyclette.fr\/wp-content\/uploads\/2022\/04\/banniere-apropos-ladietabicyclette-02-600x247.png 600w\" sizes=\"(max-width: 2000px) 100vw, 2000px\" \/><div class=\"wp-block-cover__inner-container\">\n<h2 style=\"font-size:25px;font-style:normal;font-weight:800\">\u00c0 propos<\/h2>\n\n\n\n<p class=\"has-normal-font-size\">Je m&rsquo;appelle Ad\u00e8le Geslin, je suis <strong>di\u00e9t\u00e9ticienne, nutritionniste, hypnopraticienne<\/strong> bas\u00e9e sur une <strong>approche globale, comportementale et familiale.<\/strong><\/p>\n\n\n\n<p class=\"has-normal-font-size\">Form\u00e9e aux <strong>th\u00e9rapies cognitivo comportementales<\/strong>, je vous accompagne pour <strong>trouver une alimentation qui vous corresponde et qui soit source de plaisir<\/strong>.&nbsp;<\/p>\n\n\n\n<p class=\"has-normal-font-size\">Retrouvez-moi dans mon <a href=\"http:\/\/ladietabicyclette.fr\/?page_id=401\" target=\"_blank\" rel=\"noreferrer noopener\">cabinet rue des <strong>\u00e0 Nantes<\/strong><\/a> ou en<strong> <a href=\"http:\/\/ladietabicyclette.fr\/?page_id=7566\" target=\"_blank\" rel=\"noreferrer noopener\">t\u00e9l\u00e9consultation<\/a><\/strong>.<\/p>\n\n\n\n<div class=\"wp-container-4 wp-block-buttons\">\n<div class=\"wp-block-button is-style-outline\"><a class=\"wp-block-button__link has-white-color has-text-color has-background\" href=\"http:\/\/ladietabicyclette.fr\/?page_id=14841\" style=\"background-color:#b6c0b3\" target=\"_blank\" rel=\"noreferrer noopener\">En savoir plus<\/a><\/div>\n<\/div>\n<\/div><\/div>\n\n\n\n<div class=\"wp-block-cover alignfull is-light\" style=\"min-height:293px\"><span aria-hidden=\"true\" class=\"has-white-background-color has-background-dim-100 wp-block-cover__gradient-background has-background-dim\"><\/span><div class=\"wp-block-cover__inner-container\">\n<p class=\"has-text-align-center has-text-color has-large-font-size\" style=\"color:#b66b5f;font-style:normal;font-weight:800\"><strong>En vous faisant accompagner, vous aurez plus de facilit\u00e9 \u00e0<\/strong> RALENTIR, OBSERVER et CHOISIR.<\/p>\n\n\n\n<div class=\"wp-container-5 wp-block-buttons\">\n<div class=\"wp-block-button is-style-outline\"><a class=\"wp-block-button__link has-white-color has-text-color has-background\" href=\"https:\/\/calendly.com\/adele-geslin-dieteticienne-nantes\" style=\"background-color:#b66b5f\" target=\"_blank\" rel=\"noreferrer noopener\">Prendre rendez-vous<\/a><\/div>\n<\/div>\n<\/div><\/div>\n\n\n\n<div style=\"height:60px\" aria-hidden=\"true\" class=\"wp-block-spacer\"><\/div>\n\n\n\n<div class=\"wp-block-cover alignfull\"><span aria-hidden=\"true\" class=\"has-gray-background-color has-background-dim-100 wp-block-cover__gradient-background has-background-dim\"><\/span><div class=\"wp-block-cover__inner-container\">\n<div class=\"wp-block-image\"><figure class=\"aligncenter size-full is-resized\"><img loading=\"lazy\" src=\"http:\/\/ladietabicyclette.fr\/wp-content\/uploads\/2022\/04\/logo-blanc-f-1-1.png\" alt=\"\" class=\"wp-image-14784\" width=\"247\" height=\"214\" srcset=\"https:\/\/ladietabicyclette.fr\/wp-content\/uploads\/2022\/04\/logo-blanc-f-1-1.png 504w, https:\/\/ladietabicyclette.fr\/wp-content\/uploads\/2022\/04\/logo-blanc-f-1-1-300x260.png 300w\" sizes=\"(max-width: 247px) 100vw, 247px\" \/><\/figure><\/div>\n\n\n\n<p class=\"has-text-align-center\">La diet \u00e0 bicyclette 2022&nbsp;| All Rights Reserved<\/p>\n\n\n\n<ul class=\"wp-container-6 wp-block-social-links aligncenter has-large-icon-size has-icon-color is-style-logos-only\"><li style=\"color: #FFFFFF; \" class=\"wp-social-link wp-social-link-instagram wp-block-social-link\"><a href=\"https:\/\/www.instagram.com\/ladietabicyclette\/\" aria-label=\"Instagram\u00a0: https:\/\/www.instagram.com\/ladietabicyclette\/\"  class=\"wp-block-social-link-anchor\"> <svg width=\"24\" height=\"24\" viewBox=\"0 0 24 24\" version=\"1.1\" xmlns=\"http:\/\/www.w3.org\/2000\/svg\" role=\"img\" aria-hidden=\"true\" focusable=\"false\"><path d=\"M12,4.622c2.403,0,2.688,0.009,3.637,0.052c0.877,0.04,1.354,0.187,1.671,0.31c0.42,0.163,0.72,0.358,1.035,0.673 c0.315,0.315,0.51,0.615,0.673,1.035c0.123,0.317,0.27,0.794,0.31,1.671c0.043,0.949,0.052,1.234,0.052,3.637 s-0.009,2.688-0.052,3.637c-0.04,0.877-0.187,1.354-0.31,1.671c-0.163,0.42-0.358,0.72-0.673,1.035 c-0.315,0.315-0.615,0.51-1.035,0.673c-0.317,0.123-0.794,0.27-1.671,0.31c-0.949,0.043-1.233,0.052-3.637,0.052 s-2.688-0.009-3.637-0.052c-0.877-0.04-1.354-0.187-1.671-0.31c-0.42-0.163-0.72-0.358-1.035-0.673 c-0.315-0.315-0.51-0.615-0.673-1.035c-0.123-0.317-0.27-0.794-0.31-1.671C4.631,14.688,4.622,14.403,4.622,12 s0.009-2.688,0.052-3.637c0.04-0.877,0.187-1.354,0.31-1.671c0.163-0.42,0.358-0.72,0.673-1.035 c0.315-0.315,0.615-0.51,1.035-0.673c0.317-0.123,0.794-0.27,1.671-0.31C9.312,4.631,9.597,4.622,12,4.622 M12,3 C9.556,3,9.249,3.01,8.289,3.054C7.331,3.098,6.677,3.25,6.105,3.472C5.513,3.702,5.011,4.01,4.511,4.511 c-0.5,0.5-0.808,1.002-1.038,1.594C3.25,6.677,3.098,7.331,3.054,8.289C3.01,9.249,3,9.556,3,12c0,2.444,0.01,2.751,0.054,3.711 c0.044,0.958,0.196,1.612,0.418,2.185c0.23,0.592,0.538,1.094,1.038,1.594c0.5,0.5,1.002,0.808,1.594,1.038 c0.572,0.222,1.227,0.375,2.185,0.418C9.249,20.99,9.556,21,12,21s2.751-0.01,3.711-0.054c0.958-0.044,1.612-0.196,2.185-0.418 c0.592-0.23,1.094-0.538,1.594-1.038c0.5-0.5,0.808-1.002,1.038-1.594c0.222-0.572,0.375-1.227,0.418-2.185 C20.99,14.751,21,14.444,21,12s-0.01-2.751-0.054-3.711c-0.044-0.958-0.196-1.612-0.418-2.185c-0.23-0.592-0.538-1.094-1.038-1.594 c-0.5-0.5-1.002-0.808-1.594-1.038c-0.572-0.222-1.227-0.375-2.185-0.418C14.751,3.01,14.444,3,12,3L12,3z M12,7.378 c-2.552,0-4.622,2.069-4.622,4.622S9.448,16.622,12,16.622s4.622-2.069,4.622-4.622S14.552,7.378,12,7.378z M12,15 c-1.657,0-3-1.343-3-3s1.343-3,3-3s3,1.343,3,3S13.657,15,12,15z M16.804,6.116c-0.596,0-1.08,0.484-1.08,1.08 s0.484,1.08,1.08,1.08c0.596,0,1.08-0.484,1.08-1.08S17.401,6.116,16.804,6.116z\"><\/path><\/svg><\/a><\/li>\n\n<li style=\"color: #FFFFFF; \" class=\"wp-social-link wp-social-link-youtube wp-block-social-link\"><a href=\"https:\/\/www.youtube.com\/channel\/UCRljEBG3dnwDLLxy7Y5AfLw\" aria-label=\"YouTube\u00a0: https:\/\/www.youtube.com\/channel\/UCRljEBG3dnwDLLxy7Y5AfLw\"  class=\"wp-block-social-link-anchor\"> <svg width=\"24\" height=\"24\" viewBox=\"0 0 24 24\" version=\"1.1\" xmlns=\"http:\/\/www.w3.org\/2000\/svg\" role=\"img\" aria-hidden=\"true\" focusable=\"false\"><path d=\"M21.8,8.001c0,0-0.195-1.378-0.795-1.985c-0.76-0.797-1.613-0.801-2.004-0.847c-2.799-0.202-6.997-0.202-6.997-0.202 h-0.009c0,0-4.198,0-6.997,0.202C4.608,5.216,3.756,5.22,2.995,6.016C2.395,6.623,2.2,8.001,2.2,8.001S2,9.62,2,11.238v1.517 c0,1.618,0.2,3.237,0.2,3.237s0.195,1.378,0.795,1.985c0.761,0.797,1.76,0.771,2.205,0.855c1.6,0.153,6.8,0.201,6.8,0.201 s4.203-0.006,7.001-0.209c0.391-0.047,1.243-0.051,2.004-0.847c0.6-0.607,0.795-1.985,0.795-1.985s0.2-1.618,0.2-3.237v-1.517 C22,9.62,21.8,8.001,21.8,8.001z M9.935,14.594l-0.001-5.62l5.404,2.82L9.935,14.594z\"><\/path><\/svg><\/a><\/li><\/ul>\n<\/div><\/div>\n","protected":false},"excerpt":{"rendered":"","protected":false},"author":1,"featured_media":0,"parent":0,"menu_order":0,"comment_status":"closed","ping_status":"closed","template":"","meta":{"spay_email":""},"_links":{"self":[{"href":"https:\/\/ladietabicyclette.fr\/index.php?rest_route=\/wp\/v2\/pages\/14745"}],"collection":[{"href":"https:\/\/ladietabicyclette.fr\/index.php?rest_route=\/wp\/v2\/pages"}],"about":[{"href":"https:\/\/ladietabicyclette.fr\/index.php?rest_route=\/wp\/v2\/types\/page"}],"author":[{"embeddable":true,"href":"https:\/\/ladietabicyclette.fr\/index.php?rest_route=\/wp\/v2\/users\/1"}],"replies":[{"embeddable":true,"href":"https:\/\/ladietabicyclette.fr\/index.php?rest_route=%2Fwp%2Fv2%2Fcomments&post=14745"}],"version-history":[{"count":30,"href":"https:\/\/ladietabicyclette.fr\/index.php?rest_route=\/wp\/v2\/pages\/14745\/revisions"}],"predecessor-version":[{"id":15119,"href":"https:\/\/ladietabicyclette.fr\/index.php?rest_route=\/wp\/v2\/pages\/14745\/revisions\/15119"}],"wp:attachment":[{"href":"https:\/\/ladietabicyclette.fr\/index.php?rest_route=%2Fwp%2Fv2%2Fmedia&parent=14745"}],"curies":[{"name":"wp","href":"https:\/\/api.w.org\/{rel}","templated":true}]}}